at is the remainder when b is divided by i?
14
Let r(w) = -34*w**2 + 546*w + 79. Let h = 38 - 22. What is the remainder when r(16) is divided by h?
15
Let f(i) = 12*i**2 + 47*i - 27. Let a be f(-8). Let s = -262 + a. What is the remainder when s is divided by 29?
16
Let j = -1614 - -1879. Calculate the remainder when j is divided by 34.
27
Suppose 52*h - 49*h = 3*j + 222, 419 = 5*h + 2*j. Calculate the remainder when h is divided by 6/10 - (-792)/30.
0
Suppose -8*v = -109 - 51. Suppose v*p = 8*p + 60. Suppose -g - 2*g = -6. What is the remainder when p is divided by g?
1
Suppose 38 - 74 = 6*p. Let k(n) = n**2 + 3*n + 6. Calculate the remainder when 130 is divided by k(p).
10
Let g(j) = 161*j**2 - 118*j + 27. Calculate the remainder when g(5) is divided by 35.
32
Suppose 51*w + 123*w - 191921 = 23*w. What is the remainder when w is divided by 19?
17
Let n = -648 + 745. Calculate the remainder when n is divided by (-17)/85*(-86 + 1).
12
Let t = 10 + -3. Let f = -176 - -528. Let j = f - 327. Calculate the remainder when j is divided by t.
4
Let k be -1*(978/(-6) + 3). Suppose -240 = -q - k. Suppose -d + 84 = 2*d. What is the remainder when q is divided by d?
24
Let v = -77 + 75. Let c be (-4)/(-8)*((273 - v) + 3). Suppose -2*y = 27 - c. Calculate the remainder when y is divided by 16.
8
Suppose 2*o = t - 523, 2610 = -56*t + 61*t - 5*o. What is the remainder when t is divided by 165?
26
Suppose -4*l = -2*l - 8. Suppose 0*c + 3*z + 180 = 5*c, 127 = l*c + z. Let i(s) = -10*s - 186. What is the remainder when c is divided by i(-20)?
5
Suppose -4*q - 3*p + 200 = 0, -3*q + 5*p + 44 = -77. What is the remainder when q is divided by 23?
1
Suppose 0 = 4*i - 2*i - 16. Let m = 990 + -988. Suppose 6*s + i = m*w + 2*s, -3*w - 3*s + 57 = 0. What is the remainder when 52 is divided by w?
10
What is the remainder when 672 is divided by (-333)/12*(-42 + 22 + 8)?
6
Suppose -13*g + 6792 = 11*g. Let x = -258 + g. What is the remainder when 33 is divided by x?
8
Suppose 0 = -f + 26*s - 21*s + 105, 2*s - 486 = -4*f. Calculate the remainder when f is divided by 38.
6
Calculate the remainder when 479 is divided by 574/4 - (-18)/(-9)*(-10)/(-40).
50
Let u(d) be the second derivative of 31*d**3/6 - 6*d**2 + d + 24. Calculate the remainder when u(5) is divided by 48/(-2)*12/(-8).
35
Let p(n) = 4*n**2 - 11*n + 20. Let y(h) = -h**2 + 1. Let w(l) = -p(l) - 3*y(l). Let k be w(6). Let a = k + 58. Calculate the remainder when a is divided by 22.
21
Let k = 203 + -79. Let f = 187 - k. Calculate the remainder when f is divided by 16.
15
Let u = 8085 + -6703. Calculate the remainder when u is divided by 198.
194
Let g be 38/14 + 0 + 2/7. Let f(c) = -c + 13. Let q be f(g). Suppose 103 = q*t - 27. Calculate the remainder when t is divided by 7.
6
Let o = -103 + 73. Let h be (-12)/(-450)*5 + (-506)/o. Let l = 27 - h. What is the remainder when l is divided by 3?
1
Let z(s) = 354*s + 5021. Calculate the remainder when 653 is divided by z(-14).
3
Let h = 428 + -436. Let d(u) = 10*u**2 - 11*u - 3. What is the remainder when d(h) is divided by 33?
32
Let h = 25 - 23. Suppose n + 3*p = -7, 5*n = -6*p + h*p - 2. Suppose n*w - 27 = -z, -72 = -2*w - 3*w + 2*z. Calculate the remainder when 83 is divided by w.
13
Suppose 0 = -3*l - 15, -4*l + l = 2*k - 97. What is the remainder when k*7 + (9 - 11) - 4 is divided by 9?
8
What is the remainder when 18 is divided by 120/32*76/57?
3
Calculate the remainder when 261 is divided by 10 + (-11)/2*(-107 - -79).
97
Let w(t) = 8*t - 184 + 41 + 22. What is the remainder when w(16) is divided by (0 - -10)*1/2?
2
Suppose -5*k + 2536 = q, 64*q = 61*q - 12. Calculate the remainder when k is divided by 30.
28
Suppose 3*f + 678 = -544*v + 549*v, v - 5*f - 96 = 0. What is the remainder when 659 is divided by v?
95
Let t(c) = -105*c - 36. Let k be t(-6). Suppose -5*i = 13*i - k. Calculate the remainder when 7/(28/372) + 2 + 1 is divided by i.
30
Let f(w) = 3*w**2 + 4*w - 29. What is the remainder when f(5) is divided by 28*(70/8 - 8)?
3
Let a be (-2)/(-6) + (-852)/(-36). Suppose -60 = -3*i + 3*r, 5 = 4*r + 17. Let n = a - i. Calculate the remainder when 39 is divided by n.
4
Let j = 30 - 53. Let t(p) be the first derivative of -p**4/4 - 23*p**3/3 - 3*p**2/2 + 3*p - 1840. What is the remainder when t(j) is divided by 5?
2
Suppose 104 = w + 8. What is the remainder when 136 is divided by w/(-240) - (-164)/10?
8
Suppose -3*t + 2928 = -8*i + 5*i, 0 = 2*t + 3*i - 1942. What is the remainder when t is divided by 98?
92
What is the remainder when (-26928)/(-9) + (-12 - -13) is divided by 9?
5
Let q(h) = 2*h**3 + 9*h**2 - 4*h + 66. Calculate the remainder when q(7) is divided by 113.
35
Let t = -132 - -201. Suppose -o + 3*o - 208 = -4*j, 0 = -3*j + 2*o + 170. Suppose j*p + 296 = 62*p. What is the remainder when t is divided by p?
32
Let h = 1026 - 212. Suppose -5*k = 6*k - h. What is the remainder when k is divided by 4/4 + 30/2?
10
Let k(m) = m**2 + 14*m - 6. Let b be k(-18). Suppose -23 + 59 = 4*f. Suppose f*w - 7*w = b. What is the remainder when 95 is divided by w?
29
Suppose 0 = -4*y - 19*y. Suppose 11*j + 0*j - 110 = y. Calculate the remainder when 147 is divided by j.
7
Let l(d) = 4*d**2 + 9*d + 3. What is the remainder when 455 is divided by l(-4)?
21
Let u be 3 - (2/(-7) - 1605/(-105)). Let l(w) = 9*w + 5. What is the remainder when l(7) is divided by (21/u)/((-4)/80)?
33
Let d be 16/(-36) + (-5877)/81. Let s = d + 234. What is the remainder when s is divided by 38?
9
Suppose 2*g + 3*g = -u + 142, 2*u - 336 = 3*g. Calculate the remainder when u is divided by 2/(-14) + 76480/2240.
26
Let q(j) = j**3 - 90*j**2 + 101*j - 755. Calculate the remainder when q(89) is divided by 167.
146
Let p = -8 + 41. Let l(w) = w**3 - 15*w**2 + 13*w + 18. Let v be l(10). Let j = v - -369. Calculate the remainder when p is divided by j.
16
Suppose 270 = -v + 7*v. Suppose v = 9*y - 198. Let s = 103 + 2. Calculate the remainder when s is divided by y.
24
What is the remainder when 864 is divided by ((-4)/14)/(1/(2604/(-24)))?
27
Suppose -14*t = -16245 + 5955. Calculate the remainder when t is divided by 46.
45
Suppose 0 = -4*c - 6*k + 392, 24*k = 19*k + 20. Calculate the remainder when 1370 is divided by c.
82
Let a = -22311 - -22372. Let r(p) = 4 - 8*p - p**2 + 3*p - 4*p. Calculate the remainder when a is divided by r(-5).
13
What is the remainder when (-39)/(-26) + ((-1548)/8)/(-1) is divided by 72?
51
Let y be 3 + (3 - 2 - -5). Suppose 4*f - 52 = y*c - 7*c, c + 13 = f. What is the remainder when 20 is divided by f?
7
Let z(k) = -2*k**3 + 12*k**2 - 22*k + 39. Calculate the remainder when 113 is divided by z(4).
8
Suppose -8 = 2*m - 16. Let v be -1*6/24*0. Suppose 4*h = 3*n - 245, 0 = h - v*h - m. Calculate the remainder when n is divided by 22.
21
Let h = 5 - 6. Let q be (-84)/(-35)*(-10)/(-3). Calculate the remainder when 22 is divided by (3 + -4 - h) + q.
6
Let k(y) = 5*y**3 - 2*y**2 - 3*y - 1. Let f(q) = 15*q**2 - 6*q - 2. Let p be f(-4). Let s = p + -225. What is the remainder when k(3) is divided by s?
33
Calculate the remainder when (-113449)/(-665) - (-26)/(-10) is divided by 54.
6
Let a = 28290 - 27994. What is the remainder when a is divided by 86?
38
Let x(a) = -a**3 + 8*a**2 - 12*a - 17. Let b be x(7). Let q = b - -48. What is the remainder when 28 is divided by q/(22/(-5) + 4)?
8
Let f be 141/94*2836/6. Let k = f + -680. What is the remainder when 83 is divided by k?
25
Let i(y) = -y**3 - 18*y**2 - 31*y + 33. Let u be i(-16). Let q = 40 - u. Calculate the remainder when 67 is divided by q.
21
Suppose -2*a - 3*a + 2005 = 0. Suppose a - 16 = 5*u. Let n = 17281 - 17260. What is the remainder when u is divided by n?
14
Suppose -10871 + 50149 = 41*q. Let v = q - 946. What is the remainder when 43 is divided by v?
7
Let h(y) = 5*y + 121. Let o be h(12). Let d = -164 + o. What is the remainder when d is divided by 2?
1
Let o = 817 - 771. Suppose -4*t - o = -310. Calculate the remainder when 261 is divided by t.
63
Let t = 79729 - 79681. Let y(g) = g**3 - g**2 - 5*g - 2. Calculate the remainder when t is divided by y(4).
22
Suppose 131*x - 178092 = 516312 + 328313. What is the remainder when x is divided by 19?
17
Let m = 453 - 456. Let u(d) = -d**3 - 4*d**2 - 9*d - 1. Calcula